{"id":14,"date":"2023-08-02T19:00:42","date_gmt":"2023-08-02T17:00:42","guid":{"rendered":"http:\/\/wozek.gamma-medica.pl\/?page_id=14"},"modified":"2023-12-20T15:40:14","modified_gmt":"2023-12-20T14:40:14","slug":"strona-glowna","status":"publish","type":"page","link":"https:\/\/wozek.gamma-medica.pl\/","title":{"rendered":"Strona G\u0142\u00f3wna"},"content":{"rendered":"","protected":false},"excerpt":{"rendered":"","protected":false},"author":1,"featured_media":16,"parent":0,"menu_order":0,"comment_status":"closed","ping_status":"closed","template":"","meta":{"_monsterinsights_skip_tracking":false,"_monsterinsights_sitenote_active":false,"_monsterinsights_sitenote_note":"","_monsterinsights_sitenote_category":0,"footnotes":""},"class_list":["post-14","page","type-page","status-publish","has-post-thumbnail","hentry"],"yoast_head":"<!-- This site is optimized with the Yoast SEO plugin v27.3 - https:\/\/yoast.com\/product\/yoast-seo-wordpress\/ -->\n<title>Strona G\u0142\u00f3wna - W\u00f3zek inwalidzki- Gamma Medica<\/title>\n<meta name=\"robots\" content=\"noindex, nofollow\" \/>\n<meta property=\"og:locale\" content=\"pl_PL\" \/>\n<meta property=\"og:type\" content=\"article\" \/>\n<meta property=\"og:title\" content=\"Strona G\u0142\u00f3wna - W\u00f3zek inwalidzki- Gamma Medica\" \/>\n<meta property=\"og:url\" content=\"https:\/\/wozek.gamma-medica.pl\/\" \/>\n<meta property=\"og:site_name\" content=\"W\u00f3zek inwalidzki- Gamma Medica\" \/>\n<meta property=\"article:modified_time\" content=\"2023-12-20T14:40:14+00:00\" \/>\n<meta property=\"og:image\" content=\"https:\/\/wozek.gamma-medica.pl\/wp-content\/uploads\/2023\/08\/Zrzut-ekranu-2023-08-2-o-19.03.19.png\" \/>\n\t<meta property=\"og:image:width\" content=\"1429\" \/>\n\t<meta property=\"og:image:height\" content=\"283\" \/>\n\t<meta property=\"og:image:type\" content=\"image\/png\" \/>\n<meta name=\"twitter:card\" content=\"summary_large_image\" \/>\n<meta name=\"twitter:label1\" content=\"Szacowany czas czytania\" \/>\n\t<meta name=\"twitter:data1\" content=\"1 minuta\" \/>\n<script type=\"application\/ld+json\" class=\"yoast-schema-graph\">{\"@context\":\"https:\\\/\\\/schema.org\",\"@graph\":[{\"@type\":\"WebPage\",\"@id\":\"https:\\\/\\\/wozek.gamma-medica.pl\\\/\",\"url\":\"https:\\\/\\\/wozek.gamma-medica.pl\\\/\",\"name\":\"Strona G\u0142\u00f3wna - W\u00f3zek inwalidzki- Gamma Medica\",\"isPartOf\":{\"@id\":\"https:\\\/\\\/wozek.gamma-medica.pl\\\/#website\"},\"primaryImageOfPage\":{\"@id\":\"https:\\\/\\\/wozek.gamma-medica.pl\\\/#primaryimage\"},\"image\":{\"@id\":\"https:\\\/\\\/wozek.gamma-medica.pl\\\/#primaryimage\"},\"thumbnailUrl\":\"https:\\\/\\\/wozek.gamma-medica.pl\\\/wp-content\\\/uploads\\\/2023\\\/08\\\/Zrzut-ekranu-2023-08-2-o-19.03.19.png\",\"datePublished\":\"2023-08-02T17:00:42+00:00\",\"dateModified\":\"2023-12-20T14:40:14+00:00\",\"breadcrumb\":{\"@id\":\"https:\\\/\\\/wozek.gamma-medica.pl\\\/#breadcrumb\"},\"inLanguage\":\"pl-PL\",\"potentialAction\":[{\"@type\":\"ReadAction\",\"target\":[\"https:\\\/\\\/wozek.gamma-medica.pl\\\/\"]}]},{\"@type\":\"ImageObject\",\"inLanguage\":\"pl-PL\",\"@id\":\"https:\\\/\\\/wozek.gamma-medica.pl\\\/#primaryimage\",\"url\":\"https:\\\/\\\/wozek.gamma-medica.pl\\\/wp-content\\\/uploads\\\/2023\\\/08\\\/Zrzut-ekranu-2023-08-2-o-19.03.19.png\",\"contentUrl\":\"https:\\\/\\\/wozek.gamma-medica.pl\\\/wp-content\\\/uploads\\\/2023\\\/08\\\/Zrzut-ekranu-2023-08-2-o-19.03.19.png\",\"width\":1429,\"height\":283},{\"@type\":\"BreadcrumbList\",\"@id\":\"https:\\\/\\\/wozek.gamma-medica.pl\\\/#breadcrumb\",\"itemListElement\":[{\"@type\":\"ListItem\",\"position\":1,\"name\":\"Strona g\u0142\u00f3wna\",\"item\":\"https:\\\/\\\/wozek.gamma-medica.pl\\\/\"},{\"@type\":\"ListItem\",\"position\":2,\"name\":\"Strona G\u0142\u00f3wna\"}]},{\"@type\":\"WebSite\",\"@id\":\"https:\\\/\\\/wozek.gamma-medica.pl\\\/#website\",\"url\":\"https:\\\/\\\/wozek.gamma-medica.pl\\\/\",\"name\":\"W\u00f3zek inwalidzki- Gamma Medica\",\"description\":\"\",\"potentialAction\":[{\"@type\":\"SearchAction\",\"target\":{\"@type\":\"EntryPoint\",\"urlTemplate\":\"https:\\\/\\\/wozek.gamma-medica.pl\\\/?s={search_term_string}\"},\"query-input\":{\"@type\":\"PropertyValueSpecification\",\"valueRequired\":true,\"valueName\":\"search_term_string\"}}],\"inLanguage\":\"pl-PL\"}]}<\/script>\n<!-- \/ Yoast SEO plugin. -->","yoast_head_json":{"title":"Strona G\u0142\u00f3wna - W\u00f3zek inwalidzki- Gamma Medica","robots":{"index":"noindex","follow":"nofollow"},"og_locale":"pl_PL","og_type":"article","og_title":"Strona G\u0142\u00f3wna - W\u00f3zek inwalidzki- Gamma Medica","og_url":"https:\/\/wozek.gamma-medica.pl\/","og_site_name":"W\u00f3zek inwalidzki- Gamma Medica","article_modified_time":"2023-12-20T14:40:14+00:00","og_image":[{"width":1429,"height":283,"url":"https:\/\/wozek.gamma-medica.pl\/wp-content\/uploads\/2023\/08\/Zrzut-ekranu-2023-08-2-o-19.03.19.png","type":"image\/png"}],"twitter_card":"summary_large_image","twitter_misc":{"Szacowany czas czytania":"1 minuta"},"schema":{"@context":"https:\/\/schema.org","@graph":[{"@type":"WebPage","@id":"https:\/\/wozek.gamma-medica.pl\/","url":"https:\/\/wozek.gamma-medica.pl\/","name":"Strona G\u0142\u00f3wna - W\u00f3zek inwalidzki- Gamma Medica","isPartOf":{"@id":"https:\/\/wozek.gamma-medica.pl\/#website"},"primaryImageOfPage":{"@id":"https:\/\/wozek.gamma-medica.pl\/#primaryimage"},"image":{"@id":"https:\/\/wozek.gamma-medica.pl\/#primaryimage"},"thumbnailUrl":"https:\/\/wozek.gamma-medica.pl\/wp-content\/uploads\/2023\/08\/Zrzut-ekranu-2023-08-2-o-19.03.19.png","datePublished":"2023-08-02T17:00:42+00:00","dateModified":"2023-12-20T14:40:14+00:00","breadcrumb":{"@id":"https:\/\/wozek.gamma-medica.pl\/#breadcrumb"},"inLanguage":"pl-PL","potentialAction":[{"@type":"ReadAction","target":["https:\/\/wozek.gamma-medica.pl\/"]}]},{"@type":"ImageObject","inLanguage":"pl-PL","@id":"https:\/\/wozek.gamma-medica.pl\/#primaryimage","url":"https:\/\/wozek.gamma-medica.pl\/wp-content\/uploads\/2023\/08\/Zrzut-ekranu-2023-08-2-o-19.03.19.png","contentUrl":"https:\/\/wozek.gamma-medica.pl\/wp-content\/uploads\/2023\/08\/Zrzut-ekranu-2023-08-2-o-19.03.19.png","width":1429,"height":283},{"@type":"BreadcrumbList","@id":"https:\/\/wozek.gamma-medica.pl\/#breadcrumb","itemListElement":[{"@type":"ListItem","position":1,"name":"Strona g\u0142\u00f3wna","item":"https:\/\/wozek.gamma-medica.pl\/"},{"@type":"ListItem","position":2,"name":"Strona G\u0142\u00f3wna"}]},{"@type":"WebSite","@id":"https:\/\/wozek.gamma-medica.pl\/#website","url":"https:\/\/wozek.gamma-medica.pl\/","name":"W\u00f3zek inwalidzki- Gamma Medica","description":"","potentialAction":[{"@type":"SearchAction","target":{"@type":"EntryPoint","urlTemplate":"https:\/\/wozek.gamma-medica.pl\/?s={search_term_string}"},"query-input":{"@type":"PropertyValueSpecification","valueRequired":true,"valueName":"search_term_string"}}],"inLanguage":"pl-PL"}]}},"_links":{"self":[{"href":"https:\/\/wozek.gamma-medica.pl\/index.php\/wp-json\/wp\/v2\/pages\/14","targetHints":{"allow":["GET"]}}],"collection":[{"href":"https:\/\/wozek.gamma-medica.pl\/index.php\/wp-json\/wp\/v2\/pages"}],"about":[{"href":"https:\/\/wozek.gamma-medica.pl\/index.php\/wp-json\/wp\/v2\/types\/page"}],"author":[{"embeddable":true,"href":"https:\/\/wozek.gamma-medica.pl\/index.php\/wp-json\/wp\/v2\/users\/1"}],"replies":[{"embeddable":true,"href":"https:\/\/wozek.gamma-medica.pl\/index.php\/wp-json\/wp\/v2\/comments?post=14"}],"version-history":[{"count":4,"href":"https:\/\/wozek.gamma-medica.pl\/index.php\/wp-json\/wp\/v2\/pages\/14\/revisions"}],"predecessor-version":[{"id":75,"href":"https:\/\/wozek.gamma-medica.pl\/index.php\/wp-json\/wp\/v2\/pages\/14\/revisions\/75"}],"wp:featuredmedia":[{"embeddable":true,"href":"https:\/\/wozek.gamma-medica.pl\/index.php\/wp-json\/wp\/v2\/media\/16"}],"wp:attachment":[{"href":"https:\/\/wozek.gamma-medica.pl\/index.php\/wp-json\/wp\/v2\/media?parent=14"}],"curies":[{"name":"wp","href":"https:\/\/api.w.org\/{rel}","templated":true}]}}